5*m**2 + 7*m + 43. Let q be t(s). Calculate the greatest common divisor of 24 and q.
8
Let t(n) = n**3 + 13*n**2 + 20*n - 1. Let u be t(-10). Let k = 58 + -42. Suppose 20*h - k*h - 132 = 0. Calculate the greatest common factor of h and u.
33
Suppose 63*l - 58*l - 9859 = -k, -2*l = 5*k - 49180. Calculate the greatest common factor of k and 66.
66
Let p = -19 + 51. Let c = 171 + -171. Suppose 3*r = 15, -5*a + 2*r = -c*r - 70. What is the highest common divisor of p and a?
16
Let u = -18 + 30. Let w = -6 + 9. Suppose 4*m = 2*n - n + 243, -5*n + 165 = w*m. What is the greatest common factor of u and m?
12
Let c(m) = -m**2 - 10*m - 13. Let u be c(-6). Suppose 4 = -v - v + 3*t, -3*v - 5*t + 13 = 0. What is the greatest common divisor of u and v?
1
Suppose 6*h = -n + 11*h - 26, 3*n + 23 = 4*h. Let x be (9/(27/2))/(n/(-24)). Let t be 27*2 + (-6)/(-3). What is the highest common divisor of x and t?
8
Let q = 804 - -1744. What is the greatest common factor of 442 and q?
26
Let z(n) = -n - 4. Let k be z(-11). Let h = -3854 - -3882. Calculate the greatest common factor of k and h.
7
Suppose -2*m + 3*m - 18 = 0. Let j(n) = -23*n - 8. Let o be j(-1). Let k(c) = c - 3. Let y be k(o). Calculate the greatest common divisor of m and y.
6
Suppose 2*f - 50 = -3*f. Let k be (11/(-55)*5)/((-1)/36). Suppose -35*l - 2 = -k*l. What is the greatest common divisor of f and l?
2
Let l(x) = -3*x**2 + 33*x - 17. Let k be l(9). What is the greatest common divisor of k and 2627?
37
Suppose 7920 = 239*p - 3791. Suppose 0 = 3*y - 2*y - 441. What is the greatest common divisor of y and p?
49
Let r be (-9)/(-2)*(-9 + 87/9). Suppose -14*p - 4*l - 94 = -16*p, r*p = -3*l + 150. What is the greatest common factor of p and 14?
7
Let p(r) = -33*r - 12 + 14*r + r**2 + 12*r + 9*r. Let l be p(-5). What is the highest common factor of l and 12?
3
Let k(y) = -y**3 - 9*y**2 - 15*y + 5. Let o = -103 + 96. Let c be k(o). What is the highest common divisor of c and 12?
12
Let v(s) = -377*s + 3048. Let b be v(8). What is the greatest common divisor of b and 260?
4
Suppose 5*d + v + 149 - 1705 = 0, 3*v - 300 = -d. Suppose d*i - 6 = 310*i. What is the greatest common factor of i and 33?
3
Let o(u) = -u**3 + 2*u**2 + 14*u + 27. Let y be o(8). Let m = -230 - y. What is the highest common factor of 15 and m?
15
Suppose -20*s - 5959 + 8599 = 0. What is the highest common factor of s and 2222?
22
Suppose 5*w + 1686 = -429. Let l = w - -453. Calculate the greatest common factor of 190 and l.
10
Let g(c) = -c**2 + 109*c - 2015. Let l be g(54). Calculate the highest common factor of l and 2292.
191
Let h(q) = -464*q - 1814. Let m be h(-4). What is the greatest common factor of 336 and m?
42
Let d be 506/12 - (803/(-66))/(-73). What is the highest common factor of d and 1750?
14
Let i be (1 - -13)*(0 - (-972)/126). What is the greatest common divisor of 864 and i?
108
Let x be (14 + 2 - 2)/1. Suppose 68*a + 90 = 59*a. Let j be (x/a)/((-44)/20 - -2). Calculate the highest common factor of 7 and j.
7
Let u = -192 - -458. Suppose -17*g + u + 839 = 0. Calculate the greatest common divisor of 26 and g.
13
Let w(c) be the first derivative of -c**2/2 - 5*c - 12. Let y be w(-11). Let d be ((-4)/y + 0)/(1/(-48)). What is the highest common factor of d and 80?
16
Suppose 2*t = 10, 6*t = x + 33 - 16. Calculate the highest common divisor of 1781 and x.
13
Let q = 10150 + 2698. What is the highest common factor of q and 176?
176
Suppose -10*y + 5*y = -105. Let l be ((-24)/16)/(y/22 + -1). Let z = l + 9. Calculate the greatest common factor of z and 14.
14
Suppose -5*p = 5*w - 0*w - 15175, -4*p - w = -12143. Suppose 14*k - 2*k = p. Calculate the highest common divisor of 23 and k.
23
Suppose 2*a - w = -5*w + 24, -4*w = -4*a + 12. Suppose -y + 2 = -6. Suppose 4*z - 24 = -5*b + y, 0 = 3*z - 9. What is the greatest common factor of b and a?
2
Let l = 408 - 401. Let s = 14 + l. Calculate the highest common divisor of 147 and s.
21
Let x(v) = 4*v**3 - 26*v**2 - 5*v + 25. Let r be x(7). What is the greatest common factor of r and 66?
22
Suppose 3*w - 1790 = -5*s, -5*s + 2385 = 165*w - 161*w. What is the highest common divisor of w and 21?
7
Let m(j) = 202*j + 58. Let d be m(1). Calculate the highest common factor of 370 and d.
10
Let a be (-611)/(-7) + (-2)/7. Suppose -a = -8*u + 41. Let v = -73 + 121. Calculate the greatest common divisor of u and v.
16
Suppose -5*s = 4*a - 831 - 6289, -3*a = 4*s - 5339. What is the greatest common divisor of a and 210?
105
Suppose -2*c + 86 = -q - 18, -5*q - 163 = -3*c. Let s be (-3)/(-7)*6/((-54)/(-63)). Calculate the greatest common divisor of s and c.
3
Let p = -318 + 1003. What is the greatest common divisor of p and 1?
1
Suppose -110*w - 141 = -2*x - 105*w, -x = -3*w - 72. Calculate the highest common divisor of 224 and x.
7
Let c be -14 - -102*3/9. Calculate the highest common factor of c and 1250.
10
Suppose -4*j + 2*w + 56 = 0, 4*w = 179*j - 183*j + 80. What is the greatest common divisor of 784 and j?
16
Let y = -11695 + 23580. What is the highest common factor of 5 and y?
5
Suppose 0 = 15*x - 19*x - 5*g + 312, x = -2*g + 78. Calculate the highest common factor of 2769 and x.
39
Suppose -11*v + 10*v - 5*w = -187, -383 = -2*v - w. What is the highest common divisor of v and 228?
12
Let g(v) = v**3 - 7*v**2 + 8*v + 2. Let k be g(6). Let h(q) = 9*q**2 + 1124*q - 4521. Let j be h(4). What is the greatest common factor of k and j?
7
Let w(t) = 17*t**2 - 4*t - 1. Let u be w(1). What is the highest common factor of 93 and u?
3
Let w be 22/8 - 2/(-8). Let h = -3 + w. Suppose h = 3*x + x - 2*n - 46, 5*n + 25 = x. What is the greatest common divisor of x and 4?
2
Suppose -106*l + 2080 = -5*l + 60. Suppose -3*a - 5*t + 235 = 0, -3*a + 0*t = 4*t - 230. Calculate the highest common divisor of a and l.
10
Suppose -27*d - 64 = -31*d. Suppose 2*v + 5*u - 39 = 0, v - 2*v - 3 = -5*u. Calculate the greatest common factor of d and v.
4
Suppose 0 = 3*q, -5*k + 8*q = 3*q - 9945. What is the highest common factor of k and 153?
153
Let x be ((-1)/(-8))/(4/160). Suppose 468 = 13*f + x*f. What is the greatest common divisor of 6 and f?
2
Suppose 0 = -39*m + 41*m. Suppose s + 3*s - 84 = m. Suppose 0 = 6*k - 104 + 20. What is the greatest common divisor of s and k?
7
Let u(q) = q**3 + q**2 + 4*q - 8. Suppose -5*j + 37 = 2*d + 23, -5*j + 5*d = 0. Let y be u(j). Calculate the highest common factor of 4 and y.
4
Let s(n) = 5594*n - 332. Let d be s(2). What is the highest common divisor of 8 and d?
8
Suppose 2*t + 2*t = 10*t. Suppose v - 217 = -3*g, -3*g + t*g + 220 = 4*v. What is the greatest common divisor of 192 and g?
24
Let m(g) be the second derivative of g**5/20 + 9*g**4/2 + 155*g**3/6 + 53*g**2 + 14*g - 2. Let p be m(-51). Calculate the highest common divisor of p and 148.
4
Let d = 1271 - 842. Let s = d - 401. Suppose 4*y - 29 = 4*c - 237, -5*y - 148 = -3*c. Calculate the highest common factor of c and s.
28
Suppose 128*g - 45296 = 90*g. Calculate the greatest common divisor of 88 and g.
8
Suppose 0*g - 5*g + 96 = x, 0 = 4*g + 4*x - 64. Let b be 75/3*(-32)/(-5). Calculate the greatest common factor of b and g.
20
Let x(n) = n**3 - 2*n**2 + 4*n - 3. Let w be x(9). Suppose 22*v + w = 28*v. Calculate the highest common divisor of v and 25.
25
Suppose -13*l = -11*l + 78. Let k = l + 33. Let u(r) = 3*r**2 + 9*r. Let x be u(k). What is the highest common divisor of x and 6?
6
Let k = -9 + 17. Let t(x) = 2*x + 85. Let c be t(32). Let o = c + -145. Calculate the greatest common divisor of o and k.
4
Let c = -1469 - -2045. Calculate the greatest common divisor of c and 896.
64
Let c(h) = 2*h**3 - 15*h**2 - 8*h + 16. Let g be c(8). Suppose -7*s + 14*s = 336. Calculate the highest common factor of g and s.
16
Let t(r) = 3*r - 18. Let o be t(6). Let i(j) = -2*j - 1. Let v be i(-1). Suppose 4*w + 4 = o, -3*p = w - 1 - v. What is the highest common divisor of 1 and p?
1
Let f be (4 + -3)/(1/3). Let b(z) = 3*z**2 - z - 1. Let j be b(0). Let p be j*(1 + f + -44). Calculate the highest common divisor of 30 and p.
10
Suppose 26*o - 2428 = -102*o + 8836. What is the highest common divisor of o and 23144?
88
Suppose 0 = -28*n - 10*n + 912. Suppose -2*x + 8 = -2. Suppose -n = -x*i + 21. Calculate the greatest common fa